. Let g be 2 + 0 + w + 3. Let q(x) = 6*x**3 - x**2 + 3*x - 2. Let r be q(1). What is the highest common divisor of g and r?
3
Suppose -168 - 184 = -8*t. Calculate the highest common factor of t and 44.
44
Let d be (2 - -3)/(15/6). Suppose -d*y - y = -18. Calculate the greatest common factor of y and 24.
6
Suppose -5*t + 2*c + 334 = 0, -3*t - t + 287 = 5*c. Calculate the greatest common divisor of 1156 and t.
68
Let m = -386 - -491. Calculate the highest common factor of 30 and m.
15
Let t be (3564/48)/(2/8). Let z be (2/3)/(6/t). Let a be ((-2)/3)/(2/(-9)). Calculate the greatest common factor of z and a.
3
Let q(n) = -2*n + 5*n + 8*n + 9 + 5. Let z be q(2). What is the greatest common divisor of z and 288?
36
Let g be ((-60)/(-2))/(11 - 10). Let q = -213 + 363. Calculate the highest common factor of q and g.
30
Let o(q) = q**3 + 7*q**2 - 12*q - 78. Let c be o(-7). What is the highest common divisor of 4 and c?
2
Let b be 2/(-13) + (-11745)/(-39). Suppose -3*k = -4*l - 289, 3*k + 2*l - b = -0*l. What is the highest common divisor of 11 and k?
11
Let a = -11 + 17. Suppose -a + 15 = p. Suppose 28 = 4*m - 4*u, m - 22 = -4*u - 5. Calculate the greatest common divisor of m and p.
9
Suppose 4*y - 1972 = 4*x, y + 5*x - x - 498 = 0. Suppose -18*b + y = -5*b. What is the highest common factor of 19 and b?
19
Let x be ((-93)/6 - 1)*(-340)/15. Suppose o + 22 = -3*n + 310, -4*n + x = -2*o. What is the highest common factor of n and 19?
19
Let x be 1*(-1 + (3 - 3) + 3). Suppose 0 = 3*c - 6, 2*t + x = 2*c + 110. What is the greatest common divisor of t and 28?
28
Let z = 12 + -7. Suppose z*c - 5*t + 425 = 0, 2 = -2*c - t - 165. Let s be c/(-8) + (-9)/(-6). Calculate the highest common factor of s and 18.
6
Let c = 14 - 9. Let j = -16 + 20. Suppose 0 = -5*x - 4*r - 4 - 3, j*r = 2*x - 14. What is the greatest common divisor of x and c?
1
Let z be 5*1*(-108)/(-30). Let u be (-6)/(-3) + 6 + z. What is the greatest common divisor of 39 and u?
13
Suppose 0 = -4*k - 5*t - 27 - 140, -t + 5 = 0. Let h = k + 66. What is the greatest common factor of 126 and h?
18
Let m = 38 + -12. Let a = 434 - 235. Suppose -2*w + a = -217. What is the greatest common factor of m and w?
26
Suppose -32 = l - 357. Let a = l + -171. Calculate the greatest common divisor of 22 and a.
22
Let o = 179 - 159. What is the highest common factor of o and 500?
20
Suppose -12*s - 17 = -53. Calculate the greatest common divisor of 33 and s.
3
Let i(p) = -p**3 + p**2 + 5*p + 20. Let y be i(0). Suppose -3*g + g - l + 20 = 0, g + l = 12. What is the highest common divisor of y and g?
4
Let r be (-39)/(-10) - (-27)/270. Let y be ((-1)/(-1))/(1/2). Suppose -4*z + 14 = -y. Calculate the greatest common factor of r and z.
4
Let t be (3 + -2)*-1 - 0. Let f be (-70)/(-20) - t/(-2). Suppose f*y + 0*y = 33. Calculate the greatest common divisor of 11 and y.
11
Let u be (-8 - -1)/(12/(-36)). Suppose t - 3 = -3*m - 15, 2*t + 4*m = -14. What is the highest common divisor of u and t?
3
Let g(y) = 2*y**2 - 2. Let c be g(3). Let h = 15 - 21. Let x be (-2*3)/(h/40). What is the greatest common divisor of c and x?
8
Let n = -663 - -674. What is the highest common factor of 31 and n?
1
Let f = 377 - -176. Suppose -4*r = -f + 217. Calculate the greatest common divisor of r and 12.
12
Suppose -w + 4*w - 54 = 4*h, 0 = h + 3*w + 21. Suppose y - 28 = -o, 4*o - 4*y + y = 98. Let u = o + h. What is the greatest common factor of u and 1?
1
Let c(u) = u**3 + 9*u**2 - 33*u + 73. Let t be c(-12). What is the greatest common divisor of t and 111?
37
Suppose w = 5*w - 144. Let g be 8/12 + (-56)/3. Let i be 9/g + 37/2. What is the greatest common divisor of w and i?
18
Let u be 4 - 7 - (-13 + 10). Suppose -75 = -0*x - 5*x. Suppose b = -u + x. Calculate the greatest common divisor of b and 45.
15
Let b = 54 - 51. Suppose a + 5 = l + 4, -2*a = b*l - 13. Suppose 1 + 1 = 2*h. What is the greatest common factor of h and a?
1
Let b(d) = -56*d - 363. Let t be b(-8). Calculate the greatest common factor of 187 and t.
17
Let a be 1 - (-31)/(-5) - (-9)/45. Let q be 0/(-2) - (a - (-2 + 5)). Calculate the greatest common divisor of 56 and q.
8
Let r(i) = -45*i - 9. Let l be r(-2). What is the greatest common factor of l and 27?
27
Let y be (-9)/(-2 - 44/(-24)). Suppose 5*x + 2*b = -b + 74, -5*b + y = 4*x. What is the greatest common factor of 16 and x?
16
Suppose -9*r + 15*r - 54 = 0. Suppose 141 + 183 = r*i. Calculate the highest common divisor of i and 12.
12
Let p(m) = m**3 - 5*m**2 - 4*m - 10. Let k be 4/(2*(-1 + 0)). Let r be (-27)/(-4) - k/8. Let t be p(r). What is the greatest common factor of 12 and t?
12
Let a be (2 + 2 + -1)*(-60)/(-36). What is the highest common factor of 845 and a?
5
Let k be (-6)/(-3)*1 - (-629 - -1). Suppose 0 = -3*q - 6*q + k. Calculate the highest common factor of 28 and q.
14
Suppose 25*a - 29*a - 86 = -3*o, -4*a - 146 = -5*o. Calculate the greatest common factor of 270 and o.
30
Let n be 3*(-3 - (-8)/4). Let d be ((-12)/(-5))/(n/(-10)). Calculate the highest common factor of 8 and d.
8
Suppose 3*q + 0*q + 4*n = 17, 23 = 3*q - 2*n. Suppose -2*x - 1 = -q. Let j = -605 + 632. What is the greatest common divisor of x and j?
3
Let d be (6/(-2))/((-1)/7). Suppose -g + 13 = -d. Let m = -4 + g. Calculate the greatest common divisor of 12 and m.
6
Let d(x) = 21*x - 33. Let n(l) = 41*l - 65. Let u(y) = 5*d(y) - 2*n(y). Let b be u(5). Calculate the greatest common divisor of 120 and b.
40
Let j = 1123 + -491. What is the highest common divisor of 8 and j?
8
Let s = 47 + -37. Let t be ((-64)/s)/((-20)/150). Calculate the highest common divisor of 32 and t.
16
Let g(j) = 5*j**2 + j. Suppose -w + 0*y = 5*y - 13, 23 = 5*w + 4*y. Let c be g(w). What is the greatest common factor of 24 and c?
24
Let t(q) = 2*q**3 + 21*q**2 + 10*q + 20. Let l be t(-10). Calculate the greatest common factor of l and 80.
20
Suppose -n + 4*h + 21 = 0, n + n = h + 14. Let a(o) = -n - 1 + 2*o + 89*o**2 + 5. Let p be a(1). Calculate the greatest common divisor of p and 36.
18
Let i(k) = -2*k + 12. Let z be i(4). Suppose -z*p = 4*o - 119 + 3, -3*o = 9. Calculate the highest common divisor of p and 16.
16
Let p(b) = 13*b - 717. Let r be p(57). What is the greatest common factor of 376 and r?
8
Suppose -2*b + k - 1160 = -6*b, 3*b + 5*k = 887. Let n(o) = -o**2 - 29*o - 151. Let h be n(-8). What is the greatest common divisor of h and b?
17
Let x = -22 + 42. Let i = 71 + 9. Calculate the highest common divisor of i and x.
20
Suppose 1390 = 4*o - 2*i, -2*o + 4*i + 705 = 5*i. Let h = 161 + -157. Let n be (h - 10/15)*(-63)/(-6). What is the greatest common divisor of o and n?
35
Suppose 13*k - 17*k = 44. Let b = k + 73. Calculate the greatest common divisor of 93 and b.
31
Suppose 4*g + 3 + 25 = 0. Let n be (-3)/g + (-24)/56. Suppose n = 5*h - 369 - 396. Calculate the highest common divisor of h and 17.
17
Let c(l) = -3*l - 8. Let y be c(-6). Suppose 0 = 9*f - y*f + 110. What is the greatest common factor of 44 and f?
22
Let u = -16 - -27. Let z(x) = -3*x + 78. Let v be z(24). Suppose 5*l - 55 = 5*g, -5*l + 55 = 2*g - v*g. Calculate the greatest common divisor of l and u.
11
Let g be 38/(-6) - (-6)/(-9). Let m be -1 + g*(-3 - -2). Calculate the greatest common factor of 6 and m.
6
Let o be 27/(-6)*(2 - 4). Let p = o - -29. Suppose -9 = -3*b, -5*f + p = 4*b - 3*b. What is the highest common divisor of f and 7?
7
Let m = 109 - 177. Let o be (m/(-8))/((-2)/(-4)). Calculate the greatest common factor of 51 and o.
17
Let o(g) = g**2 + 2*g. Let p be o(-6). Let a(b) = 11*b - 65. Let u be a(7). Calculate the highest common factor of u and p.
12
Let i(f) = 8*f + 246. Let l be i(-26). Calculate the greatest common factor of 703 and l.
19
Suppose -4*d + 23 - 387 = -4*h, 185 = 2*h - 5*d. Let f = -15266 - -15401. Calculate the greatest common divisor of h and f.
45
Suppose o + 5*t - 93 + 73 = 0, 4*o = -5*t + 80. What is the highest common factor of o and 70?
10
Let c(m) = 0*m + 8 - 10 - 11 + 3*m. Let r be c(6). Suppose r*l + 31 = 3*u - u, -4 = 2*u + 2*l. What is the greatest common factor of u and 1?
1
Suppose -522 = -16*l + 278. Let f = -186 - -261. What is the highest common divisor of f and l?
25
Let n(s) = 19*s**3 - s**2 + 26*s - 79. Let i be n(4). What is th